{"id":318,"date":"2026-04-24T11:36:48","date_gmt":"2026-04-24T11:36:48","guid":{"rendered":"http:\/\/www.goodies.fi\/index.php\/jasenmaksut-e\/"},"modified":"2026-04-25T11:12:59","modified_gmt":"2026-04-25T11:12:59","slug":"jasenmaksut-e","status":"publish","type":"page","link":"https:\/\/www.goodies.fi\/index.php\/jasenmaksut-e\/","title":{"rendered":"J\u00c4SENMAKSUT \u20ac"},"content":{"rendered":"\n<div class=\"wp-block-group alignfull has-accent-3-background-color has-background is-vertical is-content-justification-center is-layout-flex wp-container-core-group-is-layout-2a4c9b1b wp-block-group-is-layout-flex\" style=\"min-height:100vh;margin-top:0;margin-bottom:0;padding-top:var(--wp--preset--spacing--60);padding-right:var(--wp--preset--spacing--50);padding-bottom:var(--wp--preset--spacing--60);padding-left:var(--wp--preset--spacing--50)\">\n<div class=\"wp-block-group has-global-padding is-layout-constrained wp-block-group-is-layout-constrained\">\n<p><strong>Futiksen joukkuemaksu 45 \u20ac <em>+ mahd. Kliigan j\u00e4sk\u00e4ri 30\u20ac<\/em> = 75 \u20ac<\/strong><br>ep 10.5.<br><em>Huom! T\u00e4t\u00e4 kliigaj\u00e4sk\u00e4ri\u00e4 ei tarvitse maksaa jos olet sen maksanut jo johonkin joukkueeseen viime syys\/talvikaudella 25-26, tai maksat sen johonkin toiseen kliigajoukkueeseen kes\u00e4kaudelle 26. Muista merkit\u00e4 t\u00e4m\u00e4 muu joukkue pankin maksussa viestikentt\u00e4\u00e4n!<br><\/em>&#8212;&#8212;&#8212;-<\/p>\n\n\n\n<p><strong>GANNATUSJ\u00c4SEN 20 \u20ac Voimassa &nbsp;1.5. &#8211; 30.4.<\/strong><br>Merkitse viestikentt\u00e4\u00e4n nimesi<strong><br><\/strong>&#8212;&#8212;&#8212;&#8212;&#8211;<\/p>\n\n\n\n<p><strong>G50 kauden JUHLAPAITA \u00e1 45\u20ac<\/strong><br>ep 8.5.<br>Merkitse viestikentt\u00e4\u00e4n nimesi<br><em>Paitojen valmistumista odotellaan vapun j\u00e4lkeisell\u00e4 viikolla (vko 19).<br>Kun nuttua on jaossa, siit\u00e4 infotaan kyll\u00e4.<\/em><br><\/p>\n\n\n\n<p class=\"has-text-color has-link-color wp-elements-6a66f4a72883d358c2c406ec0f09eeb3\" style=\"color:#fa3b3b\">HUOM! Joissain verkkopankkimaksuissa saattaa maksupohjasi herjata: <strong>&#8221;<em>Maksunsaajan nimi on eri kuin tilinhaltijan nimi<\/em>&#8221;&#8230;.<\/strong><br>Ei huolta, jos tuo ao tilinro on oikein. Voit vahvistaa maksusi.<\/p>\n\n\n\n<p class=\"has-text-align-center\">TILI:<\/p>\n\n\n\n<p class=\"has-text-align-center has-large-font-size\"><strong>FC GOODIES<\/strong><br><br><strong>FI9180002416567401<\/strong><br><br>Muista merkit\u00e4 viestikentt\u00e4\u00e4n maksun aihe\u00a0<\/p>\n\n\n\n<div style=\"height:var(--wp--preset--spacing--10)\" aria-hidden=\"true\" class=\"wp-block-spacer\"><\/div>\n<\/div>\n<\/div>\n","protected":false},"excerpt":{"rendered":"<p>Futiksen joukkuemaksu 45 \u20ac + mahd. Kliigan j\u00e4sk\u00e4ri 30\u20ac = 75 \u20acep 10.5.Huom! T\u00e4t\u00e4 kliigaj\u00e4sk\u00e4ri\u00e4 ei tarvitse maksaa jos olet sen maksanut jo johonkin joukkueeseen viime syys\/talvikaudella 25-26, tai maksat sen johonkin toiseen kliigajoukkueeseen kes\u00e4kaudelle 26. Muista merkit\u00e4 t\u00e4m\u00e4 muu joukkue pankin maksussa viestikentt\u00e4\u00e4n!&#8212;&#8212;&#8212;- GANNATUSJ\u00c4SEN 20 \u20ac Voimassa &nbsp;1.5. &#8211; 30.4.Merkitse viestikentt\u00e4\u00e4n nimesi&#8212;&#8212;&#8212;&#8212;&#8211; G50 kauden [&hellip;]<\/p>\n","protected":false},"author":1,"featured_media":0,"parent":0,"menu_order":0,"comment_status":"closed","ping_status":"closed","template":"","meta":{"footnotes":""},"class_list":["post-318","page","type-page","status-publish","hentry"],"_links":{"self":[{"href":"https:\/\/www.goodies.fi\/index.php\/wp-json\/wp\/v2\/pages\/318","targetHints":{"allow":["GET"]}}],"collection":[{"href":"https:\/\/www.goodies.fi\/index.php\/wp-json\/wp\/v2\/pages"}],"about":[{"href":"https:\/\/www.goodies.fi\/index.php\/wp-json\/wp\/v2\/types\/page"}],"author":[{"embeddable":true,"href":"https:\/\/www.goodies.fi\/index.php\/wp-json\/wp\/v2\/users\/1"}],"replies":[{"embeddable":true,"href":"https:\/\/www.goodies.fi\/index.php\/wp-json\/wp\/v2\/comments?post=318"}],"version-history":[{"count":15,"href":"https:\/\/www.goodies.fi\/index.php\/wp-json\/wp\/v2\/pages\/318\/revisions"}],"predecessor-version":[{"id":344,"href":"https:\/\/www.goodies.fi\/index.php\/wp-json\/wp\/v2\/pages\/318\/revisions\/344"}],"wp:attachment":[{"href":"https:\/\/www.goodies.fi\/index.php\/wp-json\/wp\/v2\/media?parent=318"}],"curies":[{"name":"wp","href":"https:\/\/api.w.org\/{rel}","templated":true}]}}